at is 3003330 - 130?
3003200
In base 2, what is 111001101000011101 - -10?
111001101000011111
In base 8, what is -126753 + -10?
-126763
In base 6, what is 14 - 23220?
-23202
In base 2, what is 101 - -11000001010000?
11000001010101
In base 6, what is -23545414 - 3?
-23545421
In base 3, what is -12021 - -2?
-12012
In base 11, what is 278 - 1954?
-1687
In base 4, what is -3 + -2020000003?
-2020000012
In base 7, what is -2 + 265323?
265321
In base 4, what is -1211201 + 10020?
-1201121
In base 10, what is -510 - 189?
-699
In base 12, what is -1 + 14953?
14952
In base 14, what is -b98 + 26?
-b72
In base 4, what is -11020 + 12233?
1213
In base 12, what is 142 - -1105?
1247
In base 13, what is 2 - -4cc7?
4cc9
In base 15, what is -1 - -2149?
2148
In base 15, what is 72841 - -7?
72848
In base 15, what is -69c - 0?
-69c
In base 13, what is -1383 + 2a?
-1356
In base 3, what is 22 + -110111201012?
-110111200220
In base 14, what is -5 - -20b7?
20b2
In base 7, what is 122151 + -1?
122150
In base 14, what is c0245 - 1?
c0244
In base 2, what is 1010 + -110111110111111?
-110111110110101
In base 16, what is -13df13 + 1?
-13df12
In base 13, what is -8 + -3036?
-3041
In base 12, what is 8 + -b1a7?
-b19b
In base 7, what is 3111 + -145?
2633
In base 3, what is -212212001 - -10?
-212211221
In base 3, what is -101021 + 1001010?
122212
In base 11, what is -3155a7 + -5?
-315601
In base 6, what is 20352524 + 2?
20352530
In base 13, what is 48 - 14a?
-102
In base 11, what is 65 - -459?
513
In base 4, what is -1012322230 + -100?
-1012322330
In base 15, what is -6135 + -5?
-613a
In base 15, what is a751 - -1?
a752
In base 11, what is 67aa70 - 4?
67aa67
In base 15, what is -3 - -365c9?
365c6
In base 5, what is 12114321 + 3?
12114324
In base 2, what is -100 - -1101100010?
1101011110
In base 8, what is 130 + 17236?
17366
In base 15, what is -16 - -5b4?
59d
In base 15, what is 24b - 9?
242
In base 16, what is -228 + 613?
3eb
In base 13, what is 0 - 10297?
-10297
In base 3, what is 2002222 + 100001?
2110000
In base 8, what is 65 - -44763?
45050
In base 14, what is 3640 + 0?
3640
In base 4, what is -12100002 + 0?
-12100002
In base 3, what is -10122102212 + -1021?
-10122111010
In base 7, what is -12225 - 131?
-12356
In base 16, what is -2fbb - 24?
-2fdf
In base 15, what is -adb46 + -2?
-adb48
In base 5, what is 33240411 + 4?
33240420
In base 14, what is 561c - 49?
55b3
In base 14, what is -328 - -30?
-2d8
In base 9, what is -6 - 31740?
-31746
In base 4, what is 1000 - -213111?
220111
In base 5, what is 22123442 + 0?
22123442
In base 11, what is 36a23 - -5?
36a28
In base 7, what is -10 - 145?
-155
In base 15, what is -3 - 2635e?
-26362
In base 14, what is -212 + -c4?
-2d6
In base 16, what is -4d4 + 7b?
-459
In base 11, what is 13 - -123389?
1233a1
In base 13, what is -1714 + 3a?
-16a7
In base 11, what is -50674a3 - 1?
-50674a4
In base 8, what is 774355 + -11?
774344
In base 7, what is 1 + -5315?
-5314
In base 13, what is 1278 + -58?
1220
In base 6, what is -45 + -1003202?
-1003251
In base 13, what is 5 + -1a80?
-1a78
In base 6, what is 155 + 302510?
303105
In base 7, what is 2360 - 10?
2350
In base 14, what is -281 - 54?
-2d5
In base 8, what is 1111 + 17536?
20647
In base 10, what is 53774 - -4?
53778
In base 11, what is 3a3226 + -3?
3a3223
In base 2, what is 111010010011 + -10000110?
111000001101
In base 14, what is -6065 - -2d?
-6036
In base 3, what is 2212100 + 1002212?
10222012
In base 11, what is -5 - -34703?
346a9
In base 14, what is -40 - -ba?
7a
In base 4, what is -102011332 - 31?
-102012023
In base 15, what is -4d - -2dc4?
2d76
In base 13, what is 53 - 4752?
-46cc
In base 16, what is -e - b300?
-b30e
In base 14, what is d9 + -ab?
2c
In base 15, what is 26a - d6?
184
In base 10, what is -37 - -23429?
23392
In base 4, what is 23200 + 213?
30013
In base 10, what is 58 - 7349?
-7291
In base 7, what is -2445160 + 3?
-2445154
In base 2, what is -101010001 + 1001010110?
100000101
In base 13, what is -8 - 423c?
-4247
In base 13, what is -66 + 109?
73
In base 13, what is -b3482 + 2?
-b3480
In base 6, what is 13124 + -13?
13111
In base 16, what is 3 - 8de9?
-8de6
In base 2, what is 1011110 + -101100111?
-100001001
In base 6, what is 15101152 - -2?
15101154
In base 2, what is 10000000001 + -11001101?
1100110100
In base 8, what is 1503712 - 1?
1503711
In base 9, what is 4 + 235025?
235030
In base 14, what is 23659 + 10?
23669
In base 15, what is -6c - -c5?
58
In base 2, what is 100001100110111 - -1100?
100001101000011
In base 13, what is 8b4 - 20?
894
In base 14, what is -6 - -dc9?
dc3
In base 11, what is 193a + -143?
17a7
In base 5, what is -2432243 + 0?
-2432243
In base 14, what is -52d - 96d?
-109c
In base 13, what is -1898 - 101?
-1999
In base 4, what is -1 + 1100022203?
1100022202
In base 4, what is -3 - -113100330?
113100321
In base 4, what is 11 - -131122?
131133
In base 4, what is -13300 + -301330?
-321230
In base 12, what is -a33 + 53?
-9a0
In base 12, what is 26b - -492?
741
In base 12, what is 17311 - 3?
1730a
In base 3, what is -20200 - 2100000?
-2120200
In base 9, what is 1 + 14158?
14160
In base 13, what is 7 + 13a32?
13a39
In base 7, what is 30 + -34035?
-34005
In base 13, what is 2093498 + -2?
2093496
In base 6, what is 10345 + 105?
10454
In base 13, what is 8a + -74c?
-692
In base 5, what is 1103 - -1322?
2430
In base 12, what is -236 - -1679?
1443
In base 5, what is -32224 - -11?
-32213
In base 14, what is 8b5c - 3d?
8b1d
In base 14, what is a1c9 - -3?
a1cc
In base 5, what is 12002 + 3?
12010
In base 4, what is -2223120 - 201?
-2223321
In base 3, what is -2110 - 112?
-2222
In base 14, what is -3 + -1dbb5?
-1dbb8
In base 16, what is -2 - -12ecc?
12eca
In base 7, what is 11100 - -11?
11111
In base 9, what is 32 - 2783?
-2751
In base 7, what is 124 + -13623?
-13466
In base 4, what is 122103 - 103?
122000
In base 4, what is 11 - -302000330?
302001001
In base 13, what is 17915 - -3?
17918
In base 13, what is -3a + -13ca?
-1437
In base 7, what is -553 - 422?
-1305
In base 4, what is -200202 - 10123?
-210331
In base 2, what is 10010111111 + -1100?
10010110011
In base 15, what is a684 + 20?
a6a4
In base 6, what is 5152 - 155?
4553
In base 6, what is 43 + -33?
10
In base 6, what is -41543455 - -3?
-41543452
In base 14, what is 1a - 20b62?
-20b46
In base 16, what is -4ae37 + 6?
-4ae31
In base 6, what is 5 + -13500150?
-13500141
In base 5, what is 3121 + 11002?
14123
In base 2, what is 110010010000 + 100?
110010010100
In base 12, what is -3 - -2263a?
22637
In base 9, what is 2737 + 0?
2737
In base 9, what is -1 - -244036?
244035
In base 5, what is 42420133 - -23?
42420211
In base 15, what is -42069 + 5?
-42064
In base 5, what is 14230412 + 4?
14230421
In base 8, what is -4 + 64224?
64220
In base 4, what is -21233 + -3230?
-31123
In base 6, what is -3 + 52040?
52033
In base 9, what is 5 - 121587?
-121582
In base 15, what is -63d - 14bd?
-1b0b
In base 2, what is 11000 + 10111100010101001?
10111100011000001
In base 2, what is 10001001000101 + -11?
10001001000010
In base 11, what is 12 - -a020?
a032
In base 8, what is -527 + -1273?
-2022
In base 10, what is -20 + 19759?
19739
In base 6, what is -52 - -222?
130
In base 8, what is -1025 - -307?
-516
In base 4, what is -100 - 101222?
-101322
In base 5, what is -21031034 + 0?
-21031034
In base 10, what is 47959 + -122?
47837
In base 9, what is 5 + -118468?
-118463
In base 4, what is -1230032303 + -2?
-1230032311
In base 2, what is 100011100000000 + -10100?
100011011101100
In base 10, what is -229 + 572?
343
In base 7, what is 113213 + -26?
113154
In base 8, what is 1320 + -25?
1273
In base 8, what is 164 - -134?
320
In base 7, what is -361 - -5?
-353
In base 12, what is -5a6ab9 + -2?
-5a6abb
In base 15, what is -154 + -ac8?
-c2c
In base 7, what is 52125 - -26?
52154
In base 12, what is -4 - -10a647?
10a643
In base 14, what is -1161 + -17?
-1178
In base 15, what is 10 - -8be?
8ce
In base 5, what is -10 + 1021102?
1021042
In base 12, what is -3 + -273518?
-27351b
In base 4, what is -1 + 101013111?
101013110
In base 7, what is -210106 + 1?
-210105
In base 10, what is -9 + -2051?
-2060
In base 13, what is 815 + -4c?
796
In base 13, what is 0 + -741c?
-741c
In base 16, what is -9cb6 - d2?
-9d88
In base 2, what is 0 - -1100110011101111?
